100. What is the remainder when r is divided by (-1)/(1/(-11)) - -4?
14
Let i(j) = 39*j. Let q(t) = -7*t - 1. Let y(w) = 8*w + 1. Let o(g) = 7*q(g) + 6*y(g). Let d be o(-2). Calculate the remainder when i(d) is divided by 20.
19
Suppose -2*v = 5*s - s - 46, 4*v - 78 = -s. Suppose 0 = -i + h + 242, 78 = -i + 4*h + 311. Calculate the remainder when i is divided by v.
17
Let c(l) = -l**3 + 24*l**2 + 62*l - 45. What is the remainder when c(26) is divided by 31?
29
Let b(g) = -5*g. Let d be b(-2). Suppose -d = -3*n + n. What is the remainder when 8 is divided by n?
3
Let h = -1918 - -1978. Let a(t) = t**2 - 3*t - 6. Calculate the remainder when h is divided by a(7).
16
Suppose 0 = 4*a + f - 26, 14 = 3*a - 2*f - 0*f. Calculate the remainder when (-2)/a + (-805)/(-21) is divided by 13.
12
Suppose -39*d + 15*d + 2568 = 0. What is the remainder when d is divided by 11?
8
Suppose -3*o + 5*y + 116 = 0, 5*y = 43 - 18. Calculate the remainder when o is divided by 22.
3
Let a(j) = 33*j**2 + j + 1. Calculate the remainder when a(-1) is divided by (-71)/(-4) - (-48)/192.
15
Let g be -57 + (-12)/(-20)*5. Let c = 67 + g. Calculate the remainder when 77 is divided by c.
12
Suppose 2*v = 64*h - 59*h - 367, -2*h + 3*v = -138. Calculate the remainder when h is divided by 50.
25
Suppose -31 = -i - 13. Let l = i + -11. Suppose 0 = 3*j, 3*j = l*o - 2*o - 70. What is the remainder when 25 is divided by o?
11
Let i = 10 - 5. Let r(b) = -b**3 + 6*b**2 - b - 1. What is the remainder when r(i) is divided by 4?
3
Let d(m) = -5*m**3 + 3*m**2 + 4*m + 2. Let o be 2/(-3) + 8/(-6). Let v(i) = 15*i**2 - 3*i - 2. Calculate the remainder when d(o) is divided by v(-1).
14
Let a(z) = -z**2 - 18*z - 2. Let h be a(-9). Suppose 7 - h = -3*f. Let c = f + -12. Calculate the remainder when 33 is divided by c.
9
Let u = 62 + -54. Suppose 3*k + r - 73 = 0, -3*k - 133 = -u*k + 4*r. Calculate the remainder when k is divided by (14/8)/((-2)/(-8)).
4
Let c = 491 + -467. Calculate the remainder when 335 is divided by c.
23
Let d(o) = o**3 + 8*o**2 - 27*o - 66. Calculate the remainder when d(-9) is divided by 39.
18
Let y(t) = 3*t**3 - 2*t**2 - 2*t. Suppose -4*d = -9*d + 25. Suppose -33 + 133 = d*h. Calculate the remainder when h is divided by y(2).
8
Let o(y) = 2*y**2 - 7*y - 7. Let d be o(7). Let h = -27 + d. Calculate the remainder when h is divided by 9.
6
Let c(v) = 34*v**3 - 5*v**2 - v. Suppose 3*i - 4*q - 5 = 3, 3*i - 5*q = 4. Calculate the remainder when c(1) is divided by i.
4
Let g = 399 + 214. Suppose 23 = -10*l + g. What is the remainder when l is divided by 12?
11
What is the remainder when (4*(-1394)/12)/(12/(-18)) is divided by 25?
22
Suppose 2*p = -6, 69*x - 70*x + 2*p + 842 = 0. Calculate the remainder when x is divided by 20.
16
Suppose 0 = -4*r + 15 + 21. Let p be (9 - 5) + -31*1. Let l = p + 43. Calculate the remainder when l is divided by r.
7
Let x be (2 - -4)/(-3) - -24. Suppose 83 + x = 3*a. Suppose 4*b - a = 3*b. What is the remainder when 67 is divided by b?
32
Suppose 3*s = s. Suppose s = -4*z - 12 + 40. What is the remainder when 20 is divided by z?
6
Let m = -148 - -61. Let z = 96 + m. Calculate the remainder when 14 is divided by z.
5
Let r be (-18)/4 - (3 - 7/2). Let h(u) = -2*u**3 + 4*u**2 - 2*u - 5. What is the remainder when h(r) is divided by 49?
48
Suppose -2*x - 3*r + 0*r + 326 = 0, -x + 2*r = -170. Suppose x = 5*h - 234. Calculate the remainder when h is divided by 42.
38
Let p be ((-5)/2)/((-6)/(-24)). Let f(u) = -u**2 - 11*u + 6. Let z be f(p). Suppose 6 = -s + z. Calculate the remainder when 18 is divided by s.
8
Suppose -2*j - 5*b + 29 = -0*j, -15 = -5*j - b. What is the remainder when 2 + 1 + -10 + 13 is divided by j?
0
Let z = 48 - 43. Suppose -5*k = -5*h + 3*h + 179, -15 = -z*k. Calculate the remainder when h is divided by 20.
17
Let s be 30/(-9) - (-1 + 2/3). Let m = -21 - -38. Calculate the remainder when (s/(-2) + (-106)/(-12))*3 is divided by m.
14
Suppose 0 = 5*u - u + 52. Let d = -4 - u. Calculate the remainder when 25 is divided by d.
7
Let v = -61 - -35. Let k = v - -41. Calculate the remainder when k is divided by 6.
3
Let o = -115 - -220. Calculate the remainder when o is divided by 120/50*1/(-2)*-10.
9
Let l = 418 + -150. Suppose -5*q + q = -l. What is the remainder when q is divided by 23?
21
Suppose -12*b + 16*b = 3*z - 199, -2*z + b = -141. What is the remainder when 487 is divided by z?
49
Suppose 0 = 2*a + 14*a - 304. Let g be 6 - -3*(-4)/6. Suppose -11 - 13 = -g*b - o, -4*b - 5*o = -8. What is the remainder when a is divided by b?
5
Let v = 551 - 399. Calculate the remainder when 453 is divided by v.
149
Suppose 0 = -2*l - 41 + 133. Let a = l - 18. Calculate the remainder when a is divided by 15.
13
Let f = -16 + 130. What is the remainder when f is divided by 15?
9
Suppose -2*a + 3 = -a. Suppose 5 = -0*q + q - 2*o, -o - a = 0. Let d(w) = -16*w**3 + w**2. Calculate the remainder when d(q) is divided by 11.
6
Let y(l) = 4*l**3 + 13*l**2 + 2*l - 6. Let v be y(-3). Calculate the remainder when 6*5*5/2 is divided by ((-69)/9 - -1)*v.
15
Calculate the remainder when 469 is divided by 54 + (-16)/(-72) + (-43)/(-9).
56
Suppose h = g + 139 + 77, 5*h - 1070 = -5*g. Suppose 5*j + h - 65 = 0. What is the remainder when j*(2 - 3) - 3 is divided by 14?
13
What is the remainder when 420 is divided by (3060/126)/(36/28 + -1)?
80
Let d(j) = 11*j - 199. Calculate the remainder when 310 is divided by d(27).
16
Calculate the remainder when (-16*12/(-768))/(1/436) is divided by 19.
14
Suppose 2*q + 3*t - 17 = 0, 5*q - 3*t + 1 = -9. Suppose 15 = 6*c - c. Calculate the remainder when (-3 + c)/q + 16 is divided by 6.
4
Suppose 0 = -0*t - 3*t + 3, -21 = -m + 5*t. Suppose -7011 - 1431 = -47*c - 20*c. Calculate the remainder when c is divided by m.
22
Suppose -2*a + 7*a = 5*l + 300, 5*a = -3*l + 300. Calculate the remainder when a is divided by 14.
4
Let v(w) = 3*w + w**2 - 4*w + 3 - 3 + 1. Calculate the remainder when 62 is divided by v(-3).
10
What is the remainder when 45 is divided by 4/1*(4 - (0 + 1))?
9
Let i(p) = p + 41. Calculate the remainder when 208 is divided by i(-26).
13
Suppose -93 = -3*d + 21. Let z = 82 - 68. What is the remainder when d is divided by z?
10
Suppose 4*r + 2*k = 5*k + 107, 21 = 2*r + 5*k. Suppose 0 = 7*w - 86 + r. Calculate the remainder when 17 is divided by w.
8
Suppose 0 = 3*y + r - 59, -3*r = 2*y + r - 56. Let x = 15 + 18. Calculate the remainder when x is divided by y.
15
Suppose n + 0*l + 5 = 3*l, 0 = -2*n - 3*l + 35. Suppose 0 = 4*p + 46 - 242. What is the remainder when p is divided by n?
9
Suppose 2*v + g = 55, -3*g + 10 = -5*g. Suppose -56 = 2*i - 6*i - 3*m, 2*i - 54 = 5*m. What is the remainder when v is divided by i?
13
Let b = 95 - 91. Suppose b*g + 2*o - 2 = 0, -2*g = g + 2*o. What is the remainder when 8 is divided by g?
0
Let f = 790 + -376. Let n be f/4 - 3/(-6). Let w = n - 73. What is the remainder when w is divided by 16?
15
Let l be (1 - 0)*(-8 - -11). Suppose b - 8 = l. Calculate the remainder when 28 is divided by b.
6
Suppose 0 = 5*m - 119 - 31. Let p be (-580)/m*(-9)/2. Suppose 2*s = -s + p. What is the remainder when 85 is divided by s?
27
Let p(s) = -s**2 + 55*s + 14. Calculate the remainder when 46 is divided by p(0).
4
What is the remainder when 110/(-15)*(19/(-2) - 1) is divided by 23?
8
Let r(y) = y**3 + 12*y**2 + 13*y + 42. Calculate the remainder when 33 is divided by r(-11).
13
Let x = -13 + 82. Suppose 3*a = 2*a + 2*y + 16, -5*a - y + x = 0. What is the remainder when 40 is divided by a?
12
Let i = 54 - 38. Suppose 4*b + 5*p + 2 - i = 0, -5*b + 3 = -p. Let j = b - -8. Calculate the remainder when 26 is divided by j.
8
Let y(v) be the first derivative of -16*v**2 - v - 1. Suppose 10*u = 23 - 33. Calculate the remainder when y(u) is divided by 11.
9
Suppose -4*t - 32 = -112*f + 110*f, 34 = f + 4*t. What is the remainder when 84 is divided by f?
18
Suppose -1 = 6*j - 73. What is the remainder when 146*((-21)/(-18) + (-8)/j) is divided by 5?
3
Suppose 2*n - 4*c = -28, 4*c = -6*n + 2*n - 32. Calculate the remainder when (-345)/n*(-4)/(-6) is divided by 7.
2
Let t be ((-2)/(-5))/((-4)/80). What is the remainder when 67 is divided by (-3)/(-12) + -6*13/t?
7
Let b be 14/(-56) - ((-10)/8 - -1). Suppo